at is b(w)?
16
Let c(n) = -n**2 - 2*n + 1. Let m = 12 - 13. Let k be m*6 + (-6 - -10). Determine c(k).
1
Let h be (-17)/5 - 6/10. Let k(z) = -z**3 - 6*z**2 - 5*z. Calculate k(h).
-12
Let w be 8/(-5)*(-15)/6. Let n(x) = -4 + x + 2 - x**2 + 0 - w. Give n(0).
-6
Let c(l) = -3*l**3 - 3*l**2 + 17*l - 56. Let t(p) = p**3 + p**2 - 6*p + 19. Let o(x) = 6*c(x) + 17*t(x). Give o(0).
-13
Let m(v) = -7*v - 118. Let l be m(-16). Let i(r) = r**3 + 6*r**2 - r + 3. Calculate i(l).
9
Let o(c) = c**3 - 4*c**2 - c + 3. Let j(w) = w**3 - 4*w**2 + 2*w + 1. Let q be j(2). Let v = q - -7. Determine o(v).
-1
Let p(z) = z**3 + 4*z**2 - 6*z - 2. Let f = -36 + 31. Give p(f).
3
Let z be -2*(8/4 + 0). Let l(p) = p**2 + 4*p + 1. Determine l(z).
1
Let o(h) = h. Suppose c - 6 = 4*c - 5*p, 3*p - 9 = 0. Let k(g) = c - g**2 - 8 - g + 13*g. Let w(y) = k(y) - 6*o(y). Give w(6).
-5
Let k(c) = c**2 - 8*c + 6. Suppose l - 12 + 4 = 0. Calculate k(l).
6
Let o(x) = -x**3 + 9*x**2 + 10*x + 5. Let f be o(10). Suppose -m + 6*m + 23 = 2*y, -4*y + f*m = -31. Let k(g) = g**2 - 5*g + 4. Give k(y).
0
Let l be 336/32*(-4)/6 + 4. Let o(k) be the second derivative of -k**4/12 - 2*k**3/3 - k**2 - k. What is o(l)?
1
Suppose 0 = -12*g + 2*g - 60. Let m(j) = -j**2 - 4*j + 7. What is m(g)?
-5
Let c = 1 - -1. Let q(j) = 9*j**c + j - 9 - 9*j**2 + j**3. Let a be 1*(-2)/(-1) - 2. Determine q(a).
-9
Let t(k) = k + 1. Let x(p) = -6*p. Let l(m) = -t(m) - x(m). What is l(3)?
14
Let p(y) = 2*y + 6. Let r be (-1)/4 - (-2)/8. Suppose -1 = 4*w - 5*l, r = -2*w - 2*w - l - 19. Calculate p(w).
-2
Suppose 0 = -0*j - j + 2. Let x(z) = 5*z + 3*z**2 - 2*z**j - 2*z**2 + z. Calculate x(3).
9
Let g(k) = k**2 + 4*k - 4. Let v(m) = -m**3 + 10*m**2 - 2*m + 12. Let w be v(10). Let x(z) = z**3 + 9*z**2 + 7*z - 11. Let j be x(w). Give g(j).
-7
Let o(l) = -l - l - 8 + 7. Let v be o(-1). Let n(h) = 9*h + v + 0 - 4*h. Give n(1).
6
Let i(y) = 7*y - 8. Let w(v) = 6 - 2*v + 6 - 3 - 6*v. Let a(f) = -7*i(f) - 6*w(f). What is a(5)?
-3
Let t(v) = -v**2 + 7*v - 3. Suppose 0*d = -d + 2*u + 9, -2*d + 2*u = -14. Calculate t(d).
7
Let z = 2 - 1. Let c be (-2)/(z/(-1)*-2). Let k(y) = -4 + 3 - 4*y + 0 + 0*y. Give k(c).
3
Let q(v) = -v - 11. Let w = 125 - 130. Give q(w).
-6
Let h(w) = 2*w**2 + 2*w + 1. Let c be -3*(-1)/3*2. Suppose -6*j - c = -4*j. Determine h(j).
1
Let f(x) be the first derivative of 1/24*x**4 - 1/120*x**6 + 0*x - 5/6*x**3 + 1 - x**2 + 1/60*x**5. Let s(z) be the second derivative of f(z). Determine s(0).
-5
Let v(s) = -2*s**2 - 6*s - 1. Suppose 4*f - 3*b = 7 - 19, -3*f = -2*b + 8. Let g = f - 4. Give v(g).
-9
Suppose -14 = 17*x - 24*x. Let h(g) be the second derivative of 0*g**x + 1/6*g**3 + 1/20*g**5 + 0 + g + 1/6*g**4. Give h(-1).
0
Let u be (102/27 - 2) + 4/18. Let z(g) = 3*g**2 + g - 1. Give z(u).
13
Suppose -3*m + b = 2*b + 8, 4*b = -3*m + 4. Let k(l) = l**3 + 6*l**2 + 5*l - 2. What is k(m)?
10
Let p(s) = -4*s**2 - 10*s - 8. Let y(o) = 11*o**2 + 29*o + 23. Let x(a) = -8*p(a) - 3*y(a). Let j be x(-6). Let l(r) = 5*r - 1 + 1. Calculate l(j).
5
Let t(d) be the first derivative of -4*d**2 - 3 + 0 + 0*d**2 + 2*d**2 + d. What is t(-2)?
9
Let d(o) be the third derivative of o**6/144 + o**5/120 + o**4/12 - 2*o**2. Let n(c) be the second derivative of d(c). Calculate n(3).
16
Let h(k) = 0*k**3 + 2*k**3 - 7*k**2 - 2*k - 7 + k**3 + 4. Let a(i) = i**3 - 3*i**2 - i - 2. Let b(z) = -5*a(z) + 2*h(z). Determine b(0).
4
Let z(a) be the first derivative of -a**2/2 + 5*a + 8. Give z(5).
0
Suppose -2*x - 3 = -3*x. Let g(w) = -5 - 4*w + 4*w**2 + x - 3*w**2 + 5*w. Give g(-3).
4
Let w(y) = -y + 0*y + 4 - 16. Let k be w(-11). Let x(g) = -g**2 + g. Let i(s) = -3*s**2 - 6*s - 1. Let o(f) = i(f) + 6*x(f). Calculate o(k).
-10
Let j(o) = -9*o**2 - o + 17. Let n(g) = 5*g**2 + g - 9. Let t be (-2)/11 - (-369)/33. Let q(y) = t*n(y) + 6*j(y). Calculate q(-4).
-1
Let y(d) be the second derivative of d**3/3 + 3*d. Give y(-3).
-6
Let x(t) = -3*t**2 - 3*t - 5. Let l(k) = -5*k**2 - 4*k - 8. Let g(s) = 5*l(s) - 8*x(s). Let i(r) = -1 - 8 - 2*r + 2. Let o be i(-5). Give g(o).
3
Let z(p) = -9 - 4*p**2 + 0*p + 3*p**2 + 5*p + 5*p. Let u be z(8). Let j(t) = -6*t + 2 + u*t + 0*t. What is j(3)?
5
Let z be 24/(-10) + (-2)/(-5). Let m be 4*-2*z/8. Let u(n) be the third derivative of -n**5/30 + n**4/6 - n**3/2 - 19*n**2. Determine u(m).
-3
Let l(b) = -2*b + b - 3 + 2. Let n(h) = h**3 + 6*h**2 + 6*h + 7. Let q be n(-5). Let j be 2/(0 + q/(-4)). Give l(j).
3
Let c(u) = -4*u + 3. Let h(m) = 4*m - 3. Let a(k) = 5*c(k) + 4*h(k). Let d(q) = -q**3 - 5*q**2 + 2*q + 5. Let w be d(-5). Let x = w - -7. What is a(x)?
-5
Suppose y + 0*y = 3. Let c = 6 - 0. Let v(q) = 2*q - 2 + 3 + 3 - c. What is v(y)?
4
Let u(r) = 4 + r + 7*r + r**2 - 4*r. Determine u(-3).
1
Let h(p) be the first derivative of p**2/2 - 6*p - 8. Suppose 0 = -n - 2*n. Calculate h(n).
-6
Let p = -16 + -3. Let g = p + 13. Let f(k) = -2*k - 8. What is f(g)?
4
Suppose -7 + 27 = 4*d. Let a(p) = -9*p + p + d*p + 3. Determine a(2).
-3
Let n(o) be the second derivative of -1/4*o**4 - 1/6*o**3 + o + 0*o**2 + 0. Let t be (2/3)/(-2*4/12). Give n(t).
-2
Let h = 2 - 1. Let d(r) = -8*r + 1. Let s(p) = -p. Let k(b) = -2*b - 11. Let q be k(-8). Let m(x) = q*s(x) - d(x). Determine m(h).
2
Let m(z) be the second derivative of z**7/840 + z**6/360 + z**5/60 + z**4/24 + z**3 + 2*z. Let v(a) be the second derivative of m(a). Determine v(-2).
-7
Let p be (-1)/(-3) + (-208)/(-24). Let h(m) = 4*m + 1 - 4*m + p*m**2 + m. What is h(-1)?
9
Let x(n) = 2*n - 6. Let p(a) = a - 2. Let i(z) = -14*p(z) + 5*x(z). Give i(4).
-18
Let w(b) = -b**2 - 7*b. Suppose 3*n + 4*r = -20, -2*r + 0 = -2*n - 18. Calculate w(n).
-8
Suppose -7 = 4*d - 55. Let w = d + -7. Let v(j) = -j + 4. What is v(w)?
-1
Let p(a) be the second derivative of a**3/6 + 7*a**2/2 - a. Let z(y) = y**2 - 1. Let t be z(-2). Suppose 3*d = -2*s + 2*d - t, -2*d = 3*s + 6. Determine p(s).
7
Let c(l) be the third derivative of l**5/60 - 5*l**4/24 + 3*l**3/2 - 14*l**2. Give c(6).
15
Suppose g - 20 = -14. Let c(p) = p**3 - 5*p**2 - 6*p - 7. Give c(g).
-7
Let o(a) = -2*a**2 - 5*a - 3. Let v be (-4)/16 - (-1)/4. Suppose v = f - 0*f - 5. Suppose 2*l - f*u + 6 = 0, 2*l - 5*l - u = 9. What is o(l)?
-6
Let q(r) be the third derivative of r**4/8 - 2*r**3/3 - 17*r**2. What is q(5)?
11
Let c(g) be the second derivative of g**4/12 + 2*g. Let i = -6 + 8. Let x be 5/i - (-2)/(-4). What is c(x)?
4
Let n = 0 + 30. Let c = 5 + 5. Let d be ((-16)/c)/((-12)/n). Let g(m) = -m**3 + 3*m**2 + 3*m - 6. Calculate g(d).
-10
Let q(t) = -t**2 + 7*t - 1. Suppose 2*g - 2*p - 6 = -4*p, 0 = -p. What is q(g)?
11
Let d(b) = -2*b - 22. Let u be d(-9). Let o(l) = -2*l + 2. Determine o(u).
10
Let g(h) = 0*h**2 + 4*h + h**3 - 10*h**2 - 4 + 6*h**2 + 0. Calculate g(3).
-1
Let g(d) be the second derivative of -d**4/12 + 5*d**3/6 - 2*d**2 + 14*d. Give g(4).
0
Let c(v) = -5*v - 2. Let j(f) = 5*f + 3. Let n(d) = -4*c(d) - 3*j(d). Calculate n(-1).
-6
Let f(p) = 62*p + 3*p**3 - 70*p + 2 - 4*p**3 + 7*p**2. Determine f(6).
-10
Let y(a) = -13*a**3 - 2*a**2 - 6*a - 13. Let b(t) = 7*t**3 + t**2 + 3*t + 7. Suppose 1 = -i + 2*p, -5*i + 0*p - 50 = -p. Let d(c) = i*b(c) - 6*y(c). Give d(-2).
-9
Let w be (-2)/2 - 1*-7. Let g be -6*(1 + (-8)/w). Let f(u) = g*u + 0*u + 4 - u. What is f(-5)?
-1
Let t(x) = 4*x**3 + 3*x**2 - 16*x + 21. Let z(a) = -a**3 - a**2 + 4*a - 5. Let b(r) = -2*t(r) - 9*z(r). Determine b(-4).
3
Let i(z) = 6*z. Let o be (-8)/(-3)*(-210)/40. Let j(g) = -g**2 - 13*g + 16. Let v be j(o). Calculate i(v).
12
Let h(g) be the third derivative of g**4/12 - 3*g**3/2 - 2*g**2. Let y be h(6). Let w be (-2)/3*y - 3. Let t(z) = -z + 1. Determine t(w).
6
Let u(i) be the third derivative of i**5/10 + i**4/24 + 2*i**2. Calculate u(-1).
5
Let r(m) = m + 5. Let o be (-7 + 3)/(-1*(-1 + 0)). What is r(o)?
1
Let x(z) be the first derivative of z**2 + 5*z - 1. Let t be x(-4). Let q(k) be the first derivative of k**2/2 + 7*k - 4. Give q(t).
4
Let o = 2 + 0. Suppose 5*g - 12 = o*g. Let n(b) = -b - b**3 + 0 + 0 - g*b**2. Determine n(-3).
-6
Let s(i) = -2*i - 1. Let u(w) = w**3 - 4*w**2 + 4*w - 2. Let x be u(2). Let f be (1/x)/((-1)/(-12)). Let q = f - -4. Determine s(q).
3
Let t(s) = s - 6. Suppose 4*r - 4*v = 32, 2*v + 3 = v. What is t(r)?
-1
Let k be (-33